(-15 + 17))
-3
Evaluate -1 + 3 + 6 + -8.
0
Calculate -3 - (-5 - -8) - -3.
-3
(5 - 2 - (27 + -25)) + -5
-4
Evaluate -5 - -5 - (1 - 4 - 2).
5
What is (-6 + 1 + 7 - 2) + 1?
1
Calculate -6 - (-8 + 1 - -6).
-5
(10 + 1 + -1 - 4) + -4
2
Calculate -2 + (1 - -3) + (-4 - -2).
0
-4 + 0 + 0 + 1 + -2
-5
Evaluate (-2 + 2 - 8) + 4.
-4
Calculate 1 + (3 - 8) + 2 + 0.
-2
What is 0 - -4 - (-1 - -7)?
-2
What is 0 + (-1 - 1 - (0 + -2))?
0
What is (-10 - (-30 - -6)) + -20?
-6
What is the value of -13 + 3 + 5 + 1?
-4
Calculate (-4 - 5) + -13 + 20.
-2
What is the value of -15 - ((7 - (7 - 1)) + -8)?
-8
What is -3 + -1 + 3 + -3 - -10?
6
What is 8 + -2 - 10 - -2?
-2
4 + -1 + -2 + -5 + 14
10
-3 + 5 + 5 - 4 - -2
5
Calculate 17 + -8 + -12 - 2.
-5
Evaluate 0 - (3 + -7) - -1.
5
3 + 0 - (1 + -7 + 4)
5
What is the value of 0 - 0 - (5 + -9)?
4
What is the value of (-6 + 14 - 19) + 5?
-6
What is the value of -26 + 5 + 13 - -3?
-5
What is -4 - (-1 + 0 + 2 + -3)?
-2
What is the value of 5 - 9 - (-1 + 1)?
-4
What is 56 + -59 - (5 - 0) - 3?
-11
4 - (0 + (-2 - (-1 + -4)))
1
1 - (-3 - -8) - 0
-4
Evaluate 1 + -4 - (13 - 19).
3
What is the value of 0 - 3 - -3 - (7 + -4)?
-3
What is -2 + 6 + (9 - 16)?
-3
What is 3 - ((3 + -1 - -3) + -3)?
1
What is the value of 8 - (-4 + 11) - (1 - -1)?
-1
What is -22 + 15 + 4 + -1 + 8?
4
What is the value of (-3 - -4) + (-4 - (-1 - 0))?
-2
Calculate 4 - (12 + -8 + 2).
-2
What is 12 + -8 - (11 - 1)?
-6
Calculate -1 - -2 - (15 + -21).
7
Calculate 5 + -9 + (13 - 18).
-9
What is the value of -5 + 2 + -1 + -93 + 96?
-1
What is the value of 4 + (-6 + 0 - (-39 - -43))?
-6
Calculate 3 + (-4 - -3) - 7.
-5
What is -1 + (3 + -7 - -1 - 1)?
-5
Calculate -1 - (-8 - (-8 + (5 - 2))).
2
Calculate (5 - 0) + (0 - 10) + 11.
6
What is the value of 0 - (-1 + -1 + 5 + -1)?
-2
What is the value of (9 - 2 - -2) + -5?
4
Calculate (33 - 32) + (-1 - 4).
-4
What is the value of -1 - (-2 - 2) - (0 + 1)?
2
What is the value of (2 + 5 - -3) + -4?
6
What is 5 + -11 + (2 - -2) + -2?
-4
What is the value of -3 - 9 - (-5 + 5 + -2)?
-10
Calculate (-1 - -3 - -1) + 2 + -8.
-3
What is 0 + -3 + 4 + 0?
1
Calculate 1 + -11 - (21 - 28).
-3
What is the value of -10 - -8 - (3 + -5)?
0
2 + -1 - (-4 + 1 - 2)
6
What is the value of (0 - -4) + -7 + -2 + 3?
-2
Evaluate 62 - 58 - (1 + 4).
-1
What is the value of (-1 - -3) + (-1 - 3) + 7?
5
What is the value of 0 + 5 + (-10 - -10) + -5?
0
7 - (2 + 0 - (2 + -2))
5
Evaluate -4 + (-2 - -2) + 3 + 0.
-1
What is the value of -3 + 0 - (-2 - 3)?
2
Calculate -3 - (-7 + 3 + 0) - -2.
3
-5 + (-4 - (-13 - -6))
-2
What is the value of (-1 - -2) + (3 - (3 - -2))?
-1
What is 0 + 5 - (10 + -2 + -3)?
0
Calculate (-3 - 3) + 6 - (1 - 4).
3
What is the value of -8 + (14 - (14 + -6))?
-2
Calculate (-2 - (0 + 0 + -2)) + 2.
2
What is -3 + 10 - (2 + (3 - 1))?
3
What is -4 + -2 + (5 - 4)?
-5
What is the value of -10 + 1 + (0 - (-1 + -3))?
-5
Evaluate -4 - 0 - -12 - 5.
3
What is (6 - (-2 + 6)) + (0 - -1)?
3
Evaluate -9 + 5 - 0 - -8.
4
Calculate -3 + 12 - 7 - 6.
-4
What is 7 + 0 - 0 - (51 - 48)?
4
Evaluate -1 + 1 + (-3 - 1).
-4
What is -2 + -2 - (4 + -4)?
-4
0 + (0 - -4) + (-3 - 3)
-2
What is the value of (-1 - 0) + 0 + (7 - 7)?
-1
What is the value of -13 - -2 - -10 - 4?
-5
What is the value of (8 - (0 + (-1 - -2))) + -2?
5
What is the value of (0 - -6) + -7 + 1?
0
-1 + (-14 - -9 - -12)
6
Evaluate 3 - 0 - (168 - 160).
-5
What is (1 - 0 - -3) + -3 - -4?
5
What is 8 + -3 - -3 - 3?
5
Evaluate 10 + (13 + -20 - 3).
0
What is the value of 7 + 4 + 5 + -15?
1
2 + 6 + -2 + -1
5
(1 - (-2 - -1)) + 3
5
Evaluate 36 - 39 - (1 - 7).
3
What is the value of (-8 - (-6 + 11 + -7)) + -5?
-11
Calculate 7 - (0 + (-4 - -8)).
3
(-12 + 5 - -3 - -6) + 6
8
What is the value of -73 + 65 - (-14 + 1)?
5
What is 9 + -8 - (4 + -5 + -2)?
4
What is -1 - (-1 - 0 - 3)?
3
Calculate 0 + 7 + 10 + -13.
4
Evaluate -1 - (1 + (3 - 3) - -2).
-4
Evaluate 4 - (2 - -1) - 5.
-4
-6 - (7 + -3 - 5)
-5
Calculate -6 + 6 + -1 - -5.
4
Evaluate -2 + -3 + (10 - (2 - 0)).
3
2 + (37 - 33) + (-1 - 1)
4
-6 - (1 + (5 - 8))
-4
What is the value of (-2 + 4 - 3) + 1 + 3?
3
Evaluate 10 + -6 + (2 - 2 - -3).
7
What is the value of (-5 - -6) + -7 + 1?
-5
Evaluate 2 - (5 - 4) - (-3 + 1).
3
Calculate (-2 - 0) + -1 + 0.
-3
What is (-19 + 11 - (-1 - 3)) + -7?
-11
Calculate 2 - 3 - (6 + (-6 - -1)).
-2
Calculate -10 - (-1 + 2 + -7).
-4
Calculate -4 - (-2 + -1) - -3.
2
Calculate 4 + -10 + 9 - 7.
-4
-2 + -4 - (-31 - -29)
-4
Calculate -1 + 4 + (-7 - 0).
-4
What is the value of 2 - (3 + 0 + -3 - -5)?
-3
(17 - 16) + (3 - -1)
5
What is the value of -5 + 18 - (10 - 3)?
6
Evaluate 1 - (-2 + 8) - -2.
-3
What is the value of (3 - 1) + (-6 - -7) + 2?
5
Evaluate 6 + -4 + (2 - 1).
3
What is the value of -3 + 6 + -5 - 0?
-2
-6 - ((-18 - -4) + 4)
4
Evaluate (-8 - -10 - -6) + 1.
9
-5 + -1 - (-5 - 1)
0
Calculate 5 + -7 + 5 - (0 + 6).
-3
What is the value of (-29 - -22) + (-1 - -3)?
-5
-2 - 2 - (-3 + -3)
2
0 + 5 + -2 + 11 + -14
0
Evaluate 3 - (0 - 1 - (21 - 23)).
2
Calculate -7 + 13 + -3 - (6 + 1).
-4
What is the value of (-7 - -15) + 7 + -6?
9
What is -3 - -4 - (-4 - -5)?
0
Evaluate 10 + -10 - (-1 - -1).
0
What is (-6 + (4 - 0) - -2) + -2?
-2
What is 3 + -2 + (0 - (-1 - 4))?
6
What is the value of 120 + -123 - (-9 + 0)?
6
Evaluate -4 + -2 + 26 + -19.
1
(-7 - -9) + 1 + -3
0
Calculate (-12 - -9) + 12 + -1.
8
What is 2 + (6 + -3 - 7)?
-2
Calculate (1 - -4) + (-6 - (-8 - -16)).
-9
Evaluate -27 - -32 - (2 - 0) - 9.
-6
What is the value of -2 + -5 + 18 - 7?
4
Calculate (-4 + 3 - 5) + 5.
-1
What is the value of (14 - 8 - (11 - 3)) + 5?
3
What is the value of -10 + (-12 + 7 - -5)?
-10
What is the value of -4 - (-7 + 4 + 4)?
-5
What is the value of -3 + -1 + (-10 - -9) - -1?
-4
What is the value of (-10 - -8) + 7 + -14?
-9
Evaluate 4 + (-2 - (4 - 3)).
1
Calculate (-4 - (9 - 5)) + (-4 - -2).
-10
Evaluate -11 + 7 - (-21 - -8).
9
What is the value of 7 + (2 - 9) + 1?
1
What is the value of 22 + -19 + 2 + (0 - 1)?
4
What is (21 - 21) + (4 - -2)?
6
What is the value of 1 - (0 + 9 + -5 + 0)?
-3
What is the value of (0 - 0) + (4 + -3 - 6)?
-5
Calculate 4 + (0 + -1 - (2 - 0)).
1
Calculate -2 + 7 + (-7 - -1).
-1
-4 + 2 - 0 - -2
0
What is the value of -3 + 2 - 2 - (-33 + 26)?
4
What is 3 + -3 + (-5 - 0) + 0?
-5
Calculate (2 - 2) + (3 - -4) + -7.
0
What is the value of (-1 + 0 - 0) + 11 + -12?
-2
Calculate -6 + 0 + -2 - (5 - 4).
-9
6 - (1 - (-1 + 1 - 3))
2
Calculate (6 - 0) + (-10 - -9).
5
What is 7 + 5 + -5 + -4?
3
What is the value of (-2 - -2) + (2 - 7)?
-5
What is the value of -6 - 6 - -1 - -6?
-5
Calculate (-6 + 9 + -7 - -7) + 5.
8
(6 - -5 - 5) + -2
4
Calculate 7 + (4 - (-3 - -11)).
3
Calculate 1 + 2 - (6 - (1 + -3)).
-5
What is the value of 6 + -1 + (1 - 7)?
-1
What is the value of -7 - -3 - (17 + -5 + -6)?
-10
What is 7 + -1 + (-14 - -10 - -3)?
5
What is 4 - 0 - (-15 + 21)?
-2
What is the value of -4 - (4 + (-6 - -4)) - -4?
-2
Evaluate -4 - (-10 + 5) - 2.
-1
Evaluate (-6 - (2 - 5)) + 2.
-1
What is -3 + -1 + 6 + 3 + -6?
-1
What is 3 - (5 - -1 - 0 - 4)?
1
Evaluate -4 + 8 - (2 + 2 + 0).
0
Calculate 37 + -36 + (-3 - (2 + -1)).
-3
Evaluate 2 + 1 + -1 + -3 + -4.
-5
Calculate 5 + 1 + -4 - 4 - -6.
4
Calculate (-3 - 1 - (4 + -11)) + -5.
-2
Calculate 16 - 20 - (-9 - 0).
5
What is the value of -1 - -3 - (-7 - -8)?
1
What is the value of (1 - (12 + -5)) + 2 + -1?
-5
Calculate 5 - (5 + 5) - -3.
-2
What is the value of -1 + 9 + (-10 - -4 - -3)?
5
What is the value of (-2 - (10 + -3)) + 5?
-4
What is 4 + (-2 - -8 - 5)?
5
Calculate 2 + (4 - 10) + 3 + -4.
-5
Calculate 8 - (1 - -2 - (10 - 15)).
0
Evaluate 2 + 6 + 4 + -10.
2
1 - (0 - (-3 - 1))
-3
What is the value of (-3 - (-5 + 1)) + 3 + 4?
8
Evaluate (-10 - -3) + 8 + 7.
8
Calculate -5 - (-4 + 2 + -8).
5
-5 + (2 - -3) + (1 - 1)
0
(3 - 4 - (1 + 2)) + 3
-1
Calculate 3 - (12 - 6) - -5.
2
What is the value of -3 + (3 + 1 - (19 - 22))?
4
What is the value of (6 - 2) + -4 + 5?
5
0 - 11 - (-4 + -2)
-5
(2 - 0) + -2 - (-1 - -2)
-1
0 - (4 + -5 + -5 + -2)
8
Evaluate -7 + (7 + -6 - -3).
-3
What is the value of (1 - 3) + 7 + -4?
1
-9 + (7 + 9 - 8)
-1
(5 + 0 - (13 - 13)) + -4
1
Calculate -5 + 11 + -7 + 1 + -6.
-6
What is the value of -5 + (2 - 1) + 1?
-3
Calculate -15 - (5 - 9 - 8).
-3
Evaluate (-1 + -8 - -2) + (-22 - -26).
-3
Evaluate 9 + -7 + 17 + -12.
7
Eval